ase 2?
1001001010001
1635190 (base 10) to base 4
12033031312
101010110110000110 (base 2) to base 9
286653
What is -16081954 (base 10) in base 3?
-1010021001021221
What is 476450 (base 11) in base 13?
205997
Convert -204521412 (base 6) to base 10.
-3587696
What is 94d5a (base 16) in base 3?
1010222020202
What is 19a88 (base 12) in base 11?
26473
-113604 (base 8) to base 14
-101c8
What is -101112102012122 (base 3) in base 12?
-1a5b7bb
Convert -102212121012022 (base 3) to base 9.
-12777168
What is -148304 (base 9) in base 13?
-32788
What is -58c5a (base 15) in base 16?
-4511e
What is -ca58e (base 16) in base 15?
-115894
Convert -221767 (base 8) to base 10.
-74743
11102102021 (base 3) to base 5
10241210
What is -621662 (base 8) in base 9?
-343206
Convert 1006763 (base 8) to base 15.
53ae5
What is 5555664 (base 7) in base 12?
291230
1101000100000101011001 (base 2) to base 10
3424601
What is 610917 (base 10) in base 11?
387a9a
Convert 9c69c8 (base 13) to base 3.
20221221101202
-2a069 (base 14) to base 4
-121132231
What is d81c5 (base 15) in base 3?
1021211101012
Convert -1336523 (base 10) to base 6.
-44351335
-1122221202 (base 3) to base 9
-48852
103cb9 (base 14) to base 8
2057333
Convert 3904d (base 14) to base 13.
4b963
What is b2a160 (base 12) in base 16?
2aaa58
-311103311 (base 4) to base 16
-354f5
What is -23ac (base 15) in base 11?
-5778
What is 342306 (base 7) in base 16?
edc0
Convert 30b459 (base 12) to base 10.
766149
Convert -11222120 (base 5) to base 7.
-602010
Convert 2050354 (base 11) to base 3.
20210202020200
Convert -300133230 (base 4) to base 16.
-307ec
-274688 (base 9) to base 15
-34972
Convert -4224322104 (base 5) to base 10.
-8823404
Convert 1456273 (base 9) to base 8.
3044264
563063 (base 8) to base 2
101110011000110011
Convert -227304 (base 11) to base 7.
-3032451
Convert -122211001110121 (base 3) to base 2.
-100100000111101010110000
Convert 144631 (base 10) to base 4.
203103313
3cbdc5 (base 15) to base 12
b91258
1010011010111100001 (base 2) to base 15
6b29d
2002211002 (base 3) to base 6
515432
Convert -112451336 (base 7) to base 10.
-6903392
What is 646222 (base 7) in base 16?
1b7ea
14735216 (base 8) to base 5
1331440334
What is 10125215 (base 7) in base 10?
846977
What is 220245402 (base 6) in base 9?
7366112
Convert 827064 (base 9) to base 3.
220221002011
Convert -13977b (base 12) to base 7.
-2533244
-372506 (base 8) to base 11
-88460
-100100110101101100111 (base 2) to base 6
-41512343
What is 407283 (base 13) in base 7?
15521040
-13322120213 (base 4) to base 11
-1197382
Convert 55dc8 (base 14) to base 9.
347033
What is 308830 (base 11) in base 6?
14334430
What is 120012001011221 (base 3) in base 16?
7b26ec
What is a0a83 (base 15) in base 7?
4215603
What is -10022311123 (base 4) in base 5?
-234433310
-213201000 (base 4) to base 9
-266020
-22922 (base 16) to base 7
-1126556
What is -15611314 (base 7) in base 10?
-1515532
What is 25d65 (base 16) in base 4?
211311211
3332620 (base 7) to base 16
647ad
-244313142 (base 6) to base 15
-629d8e
What is -21666013 (base 8) in base 12?
-16988b7
321110203 (base 5) to base 11
840489
Convert 2764097 (base 10) to base 2.
1010100010110101000001
Convert -1425a9 (base 14) to base 3.
-1022110121202
-10500433 (base 7) to base 2
-11011101101000010110
What is 87374 (base 10) in base 8?
252516
Convert -1331023322 (base 4) to base 16.
-7d2fa
What is -3613784 (base 9) in base 5?
-1000124013
Convert 10111001000100100 (base 2) to base 3.
11210222111
Convert 33ab2 (base 12) to base 5.
4201331
235541 (base 9) to base 10
141868
Convert -22212110121200 (base 3) to base 4.
-101332233123
What is -8537e (base 15) in base 7?
-3410162
-4200001 (base 5) to base 3
-10111022100
-1580012 (base 12) to base 13
-babc15
Convert -223361 (base 8) to base 13.
-284a1
Convert ead (base 16) to base 6.
25221
Convert a9ce5 (base 16) to base 4.
2221303211
-1588a04 (base 11) to base 5
-1143041211
What is 252401c (base 13) in base 10?
11576018
Convert -13dad (base 14) to base 2.
-1100000011000101
683534 (base 12) to base 11
a37897
-1052d (base 14) to base 4
-21220031
What is 321100411 (base 5) in base 3?
2112102201012
112201122002 (base 3) to base 7
2315054
Convert -244949 (base 10) to base 4.
-323303111
What is -2111021122 (base 3) in base 16?
-bf99
What is -11555206 (base 7) in base 10?
-1039051
Convert 110312003 (base 4) to base 2.
10100110110000011
What is -9409 (base 10) in base 5?
-300114
Convert 492514 (base 10) to base 5.
111230024
106734 (base 9) to base 16
fa15
Convert 198238 (base 15) to base 11.
779569
1f28 (base 16) to base 9
11842
Convert 1040431223 (base 5) to base 3.
11021211211102
Convert -10100101013 (base 4) to base 16.
-110447
What is -12320003212 (base 4) in base 2?
-110111000000011100110
-10102112100222 (base 3) to base 7
-21323642
Convert -1522415 (base 6) to base 11.
-60720
What is 11120022110112 (base 3) in base 2?
1001010000100100101011
What is 2ddbaf (base 16) in base 10?
3005359
-276111 (base 12) to base 11
-406957
b3888 (base 14) to base 12
18a354
What is -2568878 (base 9) in base 11?
-879974
Convert 912a8 (base 11) to base 4.
200211110
Convert 11332003120 (base 4) to base 13.
42a390
-21434044 (base 6) to base 8
-2346554
Convert -799218 (base 11) to base 8.
-4663106
What is 169791b (base 13) in base 10?
7328540
Convert 83312 (base 9) to base 10.
54929
What is -69035 (base 14) in base 7?
-2112065
Convert 1721e (base 15) to base 14.
1d33b
What is -101130131 (base 5) in base 4?
-1210122123
What is 3245425 (base 7) in base 5?
100214340
-28611 (base 11) to base 16
-9edc
Convert -21102202021221 (base 3) to base 14.
-74c026
What is -202033322 (base 4) in base 10?
-140282
1100002210200 (base 3) to base 6
23121543
What is 211110120211 (base 4) in base 14?
142924d
Convert -2210210111 (base 3) to base 16.
-d7d7
What is 4703962 (base 11) in base 7?
126600242
What is 532350 (base 6) in base 13?
16959
-111120102221 (base 3) to base 13
-9478c
368055 (base 11) to base 15
b7557
What is 7545cd (base 15) in base 12?
1a53294
-15570483 (base 10) to base 2
-111011011001011000110011
-114143234 (base 5) to base 15
-a9314
1203333010 (base 4) to base 6
12440004
What is -1111000111110011101000 (base 2) in base 16?
-3c7ce8
Convert -4969895 (base 10) to base 16.
-4bd5a7
Convert 36104036 (base 7) to base 14.
5d238d
22325550 (base 6) to base 2
10100110000111001010
Convert 4063560 (base 7) to base 14.
c9330
-2435637 (base 12) to base 14
-d13375
313021321 (base 4) to base 15
46e0d
-40561255 (base 7) to base 12
-117771a
Convert -121224 (base 5) to base 12.
-2784
73203 (base 9) to base 12
23b33
Convert 12298 (base 13) to base 14.
c270
What is 730821 (base 11) in base 4?
10132030233
-2a4928 (base 13) to base 2
-11111101100011001011
What is 11001000010101 (base 2) in base 9?
18525
Convert 1231221023 (base 4) to base 14.
b9947
Convert 4354767 (base 10) to base 15.
5b047c
What is -b8b78 (base 14) in base 2?
-1101101000101000110
514242131 (base 6) to base 3
121201110010001
What is -2882167 (base 10) in base 2?
-1010111111101001110111
What is 6a146 (base 11) in base 16?
18bcf
What is 7644 (base 8) in base 14?
1660
What is -c6b96 (base 15) in base 13?
-190bc9
What is -11202203000 (base 4) in base 9?
-2653062
7d987 (base 15) to base 5
100303102
Convert 10523342 (base 6) to base 2.
1001110101010001110
Convert 2850b0 (base 13) to base 4.
3233302322
31ff2 (base 16) to base 3
101101220200
What is -31a652 (base 11) in base 16?
-7cf8f
123300132 (base 4) to base 7
652320
What is 1000001222220 (base 3) in base 15?
a7d66
Convert -13454315 (base 7) to base 12.
-5076b2
Convert 272777 (base 8) to base 14.
26c6b
What is -1101200000120 (base 3) in base 15?
-e9a23
-36018 (base 11) to base 6
-1040224
1754354 (base 8) to base 11
321431
-418455 (base 9) to base 8
-746203
-119926 (base 13) to base 12
-1838a4
What is 86053 (base 9) in base 4?
31321032
157d526 (base 14) to base 15
dcd46e
Convert -11030564 (base 7) to base 13.
-272a6b
-100110001111000110110 (base 2) to base 10
-1252918
-40321375 (base 8) to base 9
-16878124
-b44a9 (base 12) to base 2
-111001100011000001
Convert -43206 (base 13) to base 8.
-354533
What is 5c2a57 (base 14) in base 6?
151402405
Convert -5dab3c (base 15) to base 8.
-21104022
1312231212 (base 5) to base 15
440bdc
Convert -c6022 (bas